{"version":"1.0","provider_name":"CCAS","provider_url":"https:\/\/cestdanslest-ccas.fr","title":"Les parcs naturels s'ouvrent \u00e0 nous - CCAS","type":"rich","width":600,"height":338,"html":"<blockquote class=\"wp-embedded-content\" data-secret=\"EHYWAhrOR3\"><a href=\"https:\/\/cestdanslest-ccas.fr\/index.php\/2026\/09\/04\/les-parcs-naturels-souvrent-a-nous\/\">Les parcs naturels s&rsquo;ouvrent \u00e0 nous<\/a><\/blockquote><iframe sandbox=\"allow-scripts\" security=\"restricted\" src=\"https:\/\/cestdanslest-ccas.fr\/index.php\/2026\/09\/04\/les-parcs-naturels-souvrent-a-nous\/embed\/#?secret=EHYWAhrOR3\" width=\"600\" height=\"338\" title=\"\u00ab\u00a0Les parcs naturels s&rsquo;ouvrent \u00e0 nous\u00a0\u00bb &#8212; CCAS\" data-secret=\"EHYWAhrOR3\" frameborder=\"0\" marginwidth=\"0\" marginheight=\"0\" scrolling=\"no\" class=\"wp-embedded-content\"><\/iframe><script>\n\/*! This file is auto-generated *\/\n!function(d,l){\"use strict\";l.querySelector&&d.addEventListener&&\"undefined\"!=typeof URL&&(d.wp=d.wp||{},d.wp.receiveEmbedMessage||(d.wp.receiveEmbedMessage=function(e){var t=e.data;if((t||t.secret||t.message||t.value)&&!\/[^a-zA-Z0-9]\/.test(t.secret)){for(var s,r,n,a=l.querySelectorAll('iframe[data-secret=\"'+t.secret+'\"]'),o=l.querySelectorAll('blockquote[data-secret=\"'+t.secret+'\"]'),c=new RegExp(\"^https?:$\",\"i\"),i=0;i<o.length;i++)o[i].style.display=\"none\";for(i=0;i<a.length;i++)s=a[i],e.source===s.contentWindow&&(s.removeAttribute(\"style\"),\"height\"===t.message?(1e3<(r=parseInt(t.value,10))?r=1e3:~~r<200&&(r=200),s.height=r):\"link\"===t.message&&(r=new URL(s.getAttribute(\"src\")),n=new URL(t.value),c.test(n.protocol))&&n.host===r.host&&l.activeElement===s&&(d.top.location.href=t.value))}},d.addEventListener(\"message\",d.wp.receiveEmbedMessage,!1),l.addEventListener(\"DOMContentLoaded\",function(){for(var e,t,s=l.querySelectorAll(\"iframe.wp-embedded-content\"),r=0;r<s.length;r++)(t=(e=s[r]).getAttribute(\"data-secret\"))||(t=Math.random().toString(36).substring(2,12),e.src+=\"#?secret=\"+t,e.setAttribute(\"data-secret\",t)),e.contentWindow.postMessage({message:\"ready\",secret:t},\"*\")},!1)))}(window,document);\n\/\/# sourceURL=https:\/\/cestdanslest-ccas.fr\/wp-includes\/js\/wp-embed.min.js\n<\/script>\n","thumbnail_url":"https:\/\/cestdanslest-ccas.fr\/wp-content\/uploads\/2026\/09\/parcs-naturels-en-france.png","thumbnail_width":300,"thumbnail_height":300,"description":"Les parcs naturels s&rsquo;offrent \u00e0 nous La CCAS et la F\u00e9d\u00e9ration des Parcs naturels r\u00e9gionaux de France (FPNRF) s\u2019associent jusqu\u2019en 2029 pour enrichir les s\u00e9jours et favoriser un tourisme plus durable, ancr\u00e9 dans les territoires. L\u2019objectif ? Permettre de profiter pleinement des richesses qui entourent les lieux de vacances : activit\u00e9s de pleine nature, randonn\u00e9es, d\u00e9couvertes culturelles, rencontres avec des acteurs locaux, patrimoine et savoir-faire\u2026 Et l\u2019arri\u00e8re-saison est particuli\u00e8rement propice \u00e0 l\u2019exploration. Premi\u00e8res couleurs d\u2019automne, migrations, paysages qui se transforment, faune et flore \u00e0 observer\u2026\u00a0 Retrouvez les fiches des 7 villages vacances ici. 7 villages vacances situ\u00e9s au c\u0153ur ou \u00e0 proximit\u00e9 de Parcs Naturels R\u00e9gionaux, autant de points de d\u00e9part pour explorer leurs richesses et prolonger l\u2019\u00e9t\u00e9 au grand air : Publi\u00e9 le 04\/09\/2026"}

Les parcs naturels s'ouvrent à nous - CCAS

<blockquote class="wp-embedded-content" data-secret="EHYWAhrOR3"><a href="https://cestdanslest-ccas.fr/index.php/2026/09/04/les-parcs-naturels-souvrent-a-nous/">Les parcs naturels s&rsquo;ouvrent à nous</a></blockquote><iframe sandbox="allow-scripts" security="restricted" src="https://cestdanslest-ccas.fr/index.php/2026/09/04/les-parcs-naturels-souvrent-a-nous/embed/#?secret=EHYWAhrOR3" width="600" height="338" title="« Les parcs naturels s&rsquo;ouvrent à nous » &#8212; CCAS" data-secret="EHYWAhrOR3" frameborder="0" marginwidth="0" marginheight="0" scrolling="no" class="wp-embedded-content"></iframe><script>
/*! This file is auto-generated */
!function(d,l){"use strict";l.querySelector&&d.addEventListener&&"undefined"!=typeof URL&&(d.wp=d.wp||{},d.wp.receiveEmbedMessage||(d.wp.receiveEmbedMessage=function(e){var t=e.data;if((t||t.secret||t.message||t.value)&&!/[^a-zA-Z0-9]/.test(t.secret)){for(var s,r,n,a=l.querySelectorAll('iframe[data-secret="'+t.secret+'"]'),o=l.querySelectorAll('blockquote[data-secret="'+t.secret+'"]'),c=new RegExp("^https?:$","i"),i=0;i<o.length;i++)o[i].style.display="none";for(i=0;i<a.length;i++)s=a[i],e.source===s.contentWindow&&(s.removeAttribute("style"),"height"===t.message?(1e3<(r=parseInt(t.value,10))?r=1e3:~~r<200&&(r=200),s.height=r):"link"===t.message&&(r=new URL(s.getAttribute("src")),n=new URL(t.value),c.test(n.protocol))&&n.host===r.host&&l.activeElement===s&&(d.top.location.href=t.value))}},d.addEventListener("message",d.wp.receiveEmbedMessage,!1),l.addEventListener("DOMContentLoaded",function(){for(var e,t,s=l.querySelectorAll("iframe.wp-embedded-content"),r=0;r<s.length;r++)(t=(e=s[r]).getAttribute("data-secret"))||(t=Math.random().toString(36).substring(2,12),e.src+="#?secret="+t,e.setAttribute("data-secret",t)),e.contentWindow.postMessage({message:"ready",secret:t},"*")},!1)))}(window,document);
//# sourceURL=https://cestdanslest-ccas.fr/wp-includes/js/wp-embed.min.js
</script>

Les parcs naturels s&rsquo;offrent à nous La CCAS et la Fédération des Parcs naturels régionaux de France (FPNRF) s’associent jusqu’en 2029 pour enrichir les séjours et favoriser un tourisme plus durable, ancré dans les territoires. L’objectif ? Permettre de profiter pleinement des richesses qui entourent les lieux de vacances : activités de pleine nature, randonnées, découvertes culturelles, rencontres avec des acteurs locaux, patrimoine et savoir-faire… Et l’arrière-saison est particulièrement propice à l’exploration. Premières couleurs d’automne, migrations, paysages qui se transforment, faune et flore à observer…  Retrouvez les fiches des 7 villages vacances ici. 7 villages vacances situés au cœur ou à proximité de Parcs Naturels Régionaux, autant de points de départ pour explorer leurs richesses et prolonger l’été au grand air : Publié le 04/09/2026
